221*r - 521202 = 0. What is the greatest common factor of 106 and r?
106
Suppose 8*m - 6 = 7*m. Let f(c) = 8*c + 24. Let r be f(m). What is the highest common divisor of r and 18?
18
Suppose 1599 = 2*f + 3*v, 2*f + 7*v - 1604 = 9*v. Suppose -114*s + 112*s = -178. What is the highest common factor of s and f?
89
Let q(h) = 2*h**2 + 5*h + 2. Let b be q(-6). Let k be -1 + (-32)/11 + (-96)/1056. Let i be 14 - k - 6 - 1. What is the highest common factor of b and i?
11
Suppose 5*r - r - 76 = 0. Let j = 1825 + -1806. What is the greatest common divisor of j and r?
19
Suppose 0 = -3*n - 0*n + 6. Let t be (38/57)/(n/36). Let i be (-18)/(-4)*176/6. What is the greatest common divisor of t and i?
12
Let y(l) = 8*l - 38. Let i be y(11). Let x = -40 + i. Let u = -16 - -36. Calculate the greatest common factor of x and u.
10
Let b(i) = 2*i**3 - 3*i**2 + 7*i - 9. Let m be b(4). What is the highest common divisor of m and 957?
33
Let j = -52 - -52. Suppose -2*n + 6*n - 2*q + 16 = 0, j = 4*q. Let x be -2*n/12*21. Calculate the greatest common factor of x and 154.
14
Let r = -21 - -17. Let q(k) = 9*k - 4. Let w be q(r). Let b = 64 + w. Calculate the greatest common factor of b and 192.
24
Suppose -h = 3*o - 11 - 424, -3*h = -5*o + 725. Calculate the greatest common divisor of o and 377.
29
Let w be (4 - 483/105) + 126/10. Calculate the greatest common factor of 1572 and w.
12
Suppose 4289*p = 4378*p - 4450. Let i be ((-200)/(-6))/((-6)/(-45)). What is the greatest common divisor of p and i?
50
Let b(y) be the second derivative of y**5/20 - 7*y**4/12 - 2*y**3 + 31*y**2/2 + 72*y + 1. Let o be b(9). Calculate the greatest common divisor of 5 and o.
5
Let n be 21/84 - (-1)/(28/22393). What is the greatest common divisor of n and 32?
32
Let h(j) = j**2 + 4 + 3*j + 6*j - 9*j + 2*j. Let m be h(-2). Suppose m*t - 12 = -5*s + 21, 4*s - 4 = 0. What is the greatest common factor of t and 35?
7
Let m(p) = -2*p + 4. Let x be m(-6). Suppose 0 = -4*y + 8*y - 768. Suppose 3*h - y = -h. Calculate the highest common divisor of x and h.
16
Suppose 16 = -4*o, -46*m - 272 = -48*m + 5*o. What is the greatest common divisor of m and 4986?
18
Let i be ((-304)/(-32))/((-2)/(-228)). Suppose -4*b = 2*a - 2106, 0 = b - 3*b + 5*a + i. What is the greatest common divisor of 23 and b?
23
Let a be (7 - 4) + 210 + 2. Suppose 6*z - a = 415. Suppose -2*t + 52 = -0*t + 2*p, 3*t - 2*p - 53 = 0. What is the greatest common factor of z and t?
21
Let w be (-27)/((-243)/2) - -313*1/9. What is the greatest common divisor of w and 6867?
7
Suppose 5*b - 5*g = 757 + 513, 0 = 3*b + 4*g - 783. Suppose 4*o + 433 = b. Let p = o + 45. What is the highest common divisor of 13 and p?
1
Let c be (-2)/(-12) + 2589/18. Suppose 5*q + c = 4*d, -2*d + 7*d = 4*q + 117. Let h = -12 - q. What is the greatest common factor of h and 112?
16
Let f = -9 - -14. Let h be 58 + -1 + (6 - f). Suppose -46 - h = -4*o. Calculate the highest common factor of o and 13.
13
Suppose 0 = -3*p - 5*x + 36, 24 = 2*p - 2*x + 3*x. Let k be (-5)/10*(-1 + 3 - p). Suppose n - 58 = -18. Calculate the greatest common divisor of k and n.
5
Let a be 14/((10/(-4) + 3)/((-168)/(-6))). Calculate the greatest common factor of 1904 and a.
112
Let n be (-24)/((270/(-72))/15). Calculate the greatest common divisor of 6000 and n.
48
Let k(t) = 770*t**2 - 30*t + 31. Let m be k(1). Let b = -715 + m. What is the greatest common divisor of b and 1512?
56
Let p(i) = 71*i + 288. Let z be p(-3). Calculate the highest common factor of 27 and z.
3
Let z be 180/9 + 7 + -11. Calculate the greatest common factor of 6416 and z.
16
Let k = 1507 + 461. What is the greatest common factor of k and 48?
48
Suppose j - 3*f = 38, 4 = -0*f + 2*f. Let m(c) = -c**3 + 15*c**2 - 27*c - 34. Let a be m(8). Calculate the greatest common divisor of a and j.
22
Suppose -5*w + 61 = -69. Let x = -38 - -42. Let n be -3 + x/1 + 38. Calculate the greatest common factor of w and n.
13
Let c = -2740 - -2940. What is the greatest common divisor of c and 6800?
200
Suppose 3*d + 4*a - 48 = d, -2*a = -4*d + 56. Suppose 49*l + 4444 = 27*l. Let w = l + 266. What is the greatest common divisor of d and w?
16
Suppose 9*y - 24*y + 2625 = 0. Suppose -2*w + 74 = -2*p, -5*p + y = 3*w + w. Calculate the highest common factor of 104 and w.
8
Let s(x) = 17*x**2 - 102*x + 10. Let t be s(6). Calculate the highest common factor of 2810 and t.
10
Let p(u) = 140*u + 1821. Let v be p(-13). Calculate the highest common factor of 1478 and v.
1
Let w = -31 + 27. Let i(h) = 4*h**2 + 12*h - 4. Let p be i(w). Suppose -3*b = -p*b + 36. Calculate the highest common factor of b and 44.
4
Suppose 27*k - 4 = 2*n + 29*k, -2*n - 4 = 3*k. Let z be 758*4/8 + n. Calculate the highest common divisor of z and 13.
13
Suppose 0 = 50*o - 133 - 167. Calculate the highest common divisor of 178 and o.
2
Let b = 381 + -337. Let v be b/3 + -2 - (-6)/(-9). Calculate the greatest common divisor of v and 804.
12
Suppose -174 = -3*p - 3*d, 4*d = -d - 5. Let s = p - 52. Suppose -2*q + 3*u - 290 = -s*q, 116 = 2*q - u. What is the greatest common divisor of 29 and q?
29
Let o(p) = 17*p**2 - 104*p - 42. Let g be o(13). What is the highest common divisor of g and 153?
51
Suppose 0 = -3*n - 3*y + 72, 897*y - 896*y = n - 16. Calculate the highest common factor of 1070 and n.
10
Let b be (-6368)/(-26) + (-11)/(-143). Let u = 111 - 76. What is the highest common divisor of u and b?
35
Suppose 146*g - 118503 = -25*g. Calculate the highest common factor of g and 22.
11
Let k = 3 - 2. Let a(f) = 9*f**3 + 4*f**2 - 4*f - 1. Suppose -6 = 28*o - 34. Let z be a(o). Calculate the highest common factor of k and z.
1
Suppose 67*y - 65*y + 3*f - 389 = 0, 3 = -3*f. Calculate the greatest common factor of 10 and y.
2
Suppose -8*j + 341 = 133. Let k be (5 - (-1 - -2)) + 39 + j. Calculate the greatest common factor of 207 and k.
69
Let x be -9 + -266*(-27)/378. Suppose 3*p - 54 = 81. Calculate the greatest common factor of x and p.
5
Let q(k) = -2*k**2 - 17. Let r be q(3). Let s be -2 + (-2 - r) + 5. Calculate the highest common factor of s and 24.
12
Let j(n) = -2*n - 15. Let x be j(-10). Suppose -9*h + 228 = -x*h. Let f = h - -168. Calculate the greatest common divisor of 25 and f.
25
Suppose 0 = i + 2*i - 27. Let b(x) = -76*x**2 + x. Let h be b(-1). Let v = -5 - h. What is the highest common factor of i and v?
9
Suppose 0 = -7*j - 71 + 15. Let l(i) = -i**3 - 9*i**2 - 10*i. Let k be l(j). What is the highest common factor of k and 56?
8
Let s(c) = c**2 + 2*c - 7. Let x be s(-7). Suppose -16 = -4*k, 2*z - 941 - 1923 = -2*k. Suppose -z = -30*r - 4*r. What is the greatest common factor of r and x?
14
Let d(l) = -42*l**2 - l + 1. Let c be d(1). Let y be (2/(-7))/(6/c). Let i be y/4 - (-37)/2. Calculate the highest common factor of 152 and i.
19
Let z = 38 - 18. Let p be 1890/81*(-15)/(-5). Calculate the highest common divisor of z and p.
10
Suppose -4*m + 6 + 19 = i, 4*i = -4*m + 40. Suppose -12*d + 9*d = -i*a + 71, -d - 45 = -3*a. What is the greatest common divisor of a and 72?
8
Suppose 0 = -3*x - 5*s + 261, -16*s - 75 = -x - 19*s. Calculate the highest common divisor of x and 72.
6
Suppose -2*w = 2*g - 8, w - 15 = -2*g - 3. Suppose -14 = -g*a + 50. Suppose -29 = 6*x - 41. Calculate the greatest common factor of x and a.
2
Let w(k) = k + 18. Let z(x) = -x**2 - 7*x - 12. Let v be z(-7). Let j be w(v). Let q = 156 + j. Calculate the greatest common factor of 18 and q.
18
Suppose -t - 2*t - u - 30 = 0, -2*t = 2*u + 20. Let l be (317 - (4 + t)) + -1. What is the greatest common factor of l and 46?
46
Suppose -2*q + 5*i - 18 = 0, 4*i + 1 = -3*q + 5*i. Suppose 0 = p - q, 3*h = -4*p + p + 2211. What is the highest common divisor of h and 32?
32
Suppose -50*v = -53*v + 330. Let i = v + -76. Calculate the highest common factor of 34 and i.
34
Suppose 0 = -4*c - 0*c + 32. Suppose 4*f + 324 = -5*s, 0*s - 4*f + 252 = -4*s. Let q be ((-2)/4 - -1) + (-224)/s. What is the highest common factor of q and c?
4
Suppose -5*y + 5*u + 6134 = -3261, -3*u - 9405 = -5*y. What is the highest common divisor of y and 12?
12
Let y(l) = 44*l + 793. Let w be y(-6). Calculate the highest common factor of 115 and w.
23
Let w be 8/(-10)*20/(-8). Let r be -4*4/(-2) - w. Suppose -12 = 22*c - 24*c. 